**2 - 18. Let q be r(-7). Suppose 2*a - q = -6*a. Suppose 0 = 2*g - 50 - a. Calculate the highest common divisor of g and 30.
30
Let d(o) be the second derivative of 22*o**2 + 0 + 35*o + 1/6*o**3. Let g be d(-28). Calculate the highest common factor of 2 and g.
2
Let h(y) = y + 1. Let k(i) = -5*i - 9. Let u(v) = -4*h(v) - k(v). Let t be u(11). Let o = -76 - -156. Calculate the highest common factor of t and o.
16
Let q be (-36)/12 + 4 + 30. What is the highest common divisor of q and 155?
31
Let p = 4225 - 3875. What is the greatest common divisor of 28 and p?
14
Suppose -2*r = -3*k + k - 122, 0 = -4*r - 4*k + 276. Let d = 250 + r. Suppose -w + d = 4*w. What is the highest common factor of 9 and w?
9
Let i = 139 + 65. Suppose 208*z - i*z - 20 = 0. Suppose -4*v + 155 = j, -105 = -10*v + 7*v - 3*j. Calculate the highest common divisor of z and v.
5
Let f(y) be the third derivative of y**5/60 + 5*y**2. Let q be f(4). Let m = 326 + -294. What is the greatest common divisor of m and q?
16
Let j(s) = -332*s - 7. Suppose 2*o - 8 = 0, 3*w + 2*o = -2 + 7. Let b be j(w). Calculate the greatest common divisor of b and 26.
13
Let x be -13*(3 - -1 - (-6)/13*-13). What is the highest common factor of x and 2054?
26
Let m(i) = i**3 + 2*i**2 + 2*i. Let a be m(0). Let g = -24 - -56. Suppose h + h - g = a. Calculate the greatest common divisor of 8 and h.
8
Let t = 282 + 92. Let x = 2 - 0. Suppose -6*m + x*m + 136 = 0. Calculate the highest common factor of t and m.
34
Let z = 15027 + -14931. What is the greatest common divisor of 7368 and z?
24
Let m(f) = f**2 + 2*f. Let i(x) = x**2 - 9*x + 4. Let s be i(8). Let j be m(s). Let l = j - -72. What is the greatest common factor of 10 and l?
10
Suppose 30 = -8*r - 18. Let b be (-2)/r + ((-2288)/6)/(-11). What is the highest common divisor of b and 35?
35
Suppose 2*z - 1043 - 159 = -3*u, 6*z - 3666 = u. Calculate the greatest common factor of 380 and z.
10
Suppose -1238 - 893 = -3*b + 5*j, 0 = 3*j - 12. Let c = b - 305. What is the highest common divisor of c and 4?
4
Suppose -45*y + 3773 + 1807 = 0. What is the greatest common factor of y and 2945?
31
Let k be ((-240)/(-400))/((-2)/10). Let h be (-611)/(1/6*(-3 + k)). Calculate the greatest common factor of h and 47.
47
Suppose 0 = 3*d + 8 - 29. Let x(m) = -m**3 + 9*m**2 - 3*m - 2. Let n be x(d). Suppose -19*z + 11*z = -200. Calculate the highest common divisor of z and n.
25
Let u(i) = -2*i**3 - 132*i**2 - 618*i + 24. Let m be u(-5). Calculate the greatest common factor of m and 10768.
16
Let i be 27/((-3672)/(-16)) + 11558/17. Calculate the highest common divisor of 50 and i.
10
Suppose -14*k + 13*k + 1761 = -4*o, 4*o = 24. What is the greatest common divisor of k and 630?
105
Suppose 7*v = 9*v - 40. Suppose -j = l - 1, v = l + 3*l - 4*j. Let a be (51 - 2/(-1)) + l. Calculate the greatest common divisor of a and 14.
14
Suppose -2*j + 11*g - 7*g = -30, j + g = 0. Suppose 427 = 9*u - j. What is the highest common factor of u and 24?
24
Suppose 32*b - 11149 + 4753 - 18244 = 0. What is the highest common divisor of b and 1870?
110
Let o(n) = -n**2 + 25*n - 17. Let j be o(24). Suppose j*w = 1261 - 127. Calculate the highest common factor of w and 108.
54
Let c = 45 + 203. Suppose -3*x = 6*z - 7*z - c, 0 = -x + 5*z + 106. What is the highest common divisor of x and 216?
27
Suppose 44*l - 48*l + 140 = 0. Let o = 56 - l. Suppose 7*n = 4*n + 9. What is the greatest common factor of o and n?
3
Let l = 84 + -81. Suppose 3*r = -l*v + 552, 233 = 2*v + 4*r - 143. Calculate the highest common divisor of v and 48.
12
Suppose 4*w + 3*s - 2777 - 459 = 0, s + 1608 = 2*w. Calculate the greatest common factor of w and 248.
62
Suppose -16*d = 657 - 4897. Suppose -d = -2*t + 203. Calculate the greatest common divisor of t and 54.
18
Let t(d) = 96*d - 682. Let r be t(8). Calculate the greatest common factor of r and 1247.
43
Let g = 324 + -166. Let r = g + -102. What is the greatest common divisor of r and 70?
14
Let z(b) = -537*b - 1729. Let d be z(-10). Calculate the greatest common divisor of 22 and d.
11
Suppose 48 = 5*a - 2*n, 5*a + 26 = -4*n + 110. Calculate the highest common factor of 1182 and a.
6
Suppose 4*d = -6*f + 44 + 100, -2*f = 8. Calculate the highest common divisor of d and 78.
6
Let x be (2 - 174)*-1*(-10 - -9). Let m = x + 193. What is the highest common divisor of m and 147?
21
Let s = 87451 + -87391. Suppose -3*l = 2*k - 2*l - 441, -5*k + 1103 = 3*l. What is the highest common divisor of k and s?
20
Suppose 5*a + 5*n = -0*a + 35, 0 = 5*a - 5*n - 15. Let b = 18536 - 18535. What is the greatest common divisor of b and a?
1
Suppose 4*t + 78 = 5*b, t - 74 = -5*b + 3*t. Let u be (-1 - 27)*3/6. Let f be (u - -4)/((-2)/7). Calculate the highest common divisor of f and b.
7
Suppose -45*u - 166*u + 105200 = 52*u. Let j be 0 - (-2 - -1) - 4. Let k be u - ((j - -4) + 3). Calculate the greatest common divisor of 36 and k.
36
Let l = 26482 - 20466. Calculate the highest common factor of l and 256.
128
Suppose 10*q - 15*q - 1 = 2*v, 40 = 4*v - 4*q. Calculate the greatest common factor of 4109 and v.
7
Let v be 1397 + 156 - (0 - 9). What is the highest common divisor of v and 44?
22
Let i = 21 - 22. Let b(m) = -11*m**2 + 3*m + 2. Let j be b(i). Let s = 58 + j. Calculate the highest common divisor of s and 23.
23
Let t = -830 - -828. Let g be (t + 0)/(50/(-475)). Calculate the highest common divisor of g and 437.
19
Suppose -4*a = 10*p - 8*p - 26, 0 = 5*p - 3*a. Suppose -p*u + 756 = -264. What is the greatest common factor of u and 40?
20
Let v(z) = 6*z - 24*z - 2*z + z**2 - 9*z - 48. Let p be v(31). Let i = -1 + 71. What is the greatest common factor of p and i?
14
Let k(z) = z + 34. Let d be k(6). Calculate the highest common divisor of d and 1460.
20
Let i be (-609)/(-116)*(-12)/(-14)*8. Calculate the greatest common factor of 432 and i.
36
Let a be 89/13 + (-60)/(-390). Let b(p) = -p**2 + 5*p + 1. Let m be b(-4). Let d be (-1135)/m - (-4)/a - 2. What is the greatest common divisor of d and 124?
31
Let b = -122 + 171. Let w = -9213 + 9184. Let l = b + w. What is the highest common factor of 220 and l?
20
Suppose -87*t + 3094 + 299 = 0. Let i(u) = 31*u + 2. Let x be i(10). What is the highest common divisor of x and t?
39
Let r = 659 - 939. Let k = r + 384. Calculate the highest common divisor of 16 and k.
8
Let g = 4991 + -4975. Calculate the highest common factor of g and 248.
8
Suppose 6 = 3*o - 3*k, -3*o - 2*o = -2*k - 4. Let v be 201 - 2*(-3 - o). What is the highest common divisor of 9 and v?
9
Let b(u) = -u**2 - 33*u + 447. Let c be b(-43). Let m(k) = -k**2 + k + 3. Let s be m(0). Suppose h = -s*h + 476. Calculate the highest common factor of c and h.
17
Let x be -3*1/(-3)*(-1450)/(8 - 10). Calculate the greatest common divisor of 75 and x.
25
Suppose 15 = 3*u + 2*u, -3*q + 2*u = -42. Suppose 5*t - 365 = -45. What is the greatest common factor of t and q?
16
Let a be 4*(-122)/24*-3. Let x = -47 + a. Suppose 3*v - 42 = 3*w, -5*w = v - 8*w - x. What is the highest common factor of v and 182?
14
Let q(m) = 3*m**2 - 23*m + 10. Let r be q(10). Suppose -4*g - r = -380. Calculate the highest common factor of 125 and g.
25
Suppose -5*n = 2*c - 138 + 38, -5*c + 3*n = -219. Suppose 2*r + t = c, 5*r - 10*t = -5*t + 150. Calculate the highest common factor of r and 625.
25
Let f = 10 + 12. Calculate the greatest common factor of f and 473.
11
Let m(r) = 4*r**2 - 11*r - 102. Let w be m(-16). Suppose -41*k + w = -32*k. Calculate the highest common factor of 427 and k.
61
Let r(n) = 392*n**2 - 20*n - 1. Let i be r(-4). What is the highest common divisor of i and 87?
87
Let m(a) = -70*a - 1264. Let j be m(-80). What is the greatest common factor of 16 and j?
16
Let h(t) = 107*t - 93. Let j be h(5). What is the greatest common factor of 34 and j?
34
Let c(p) = -p**3 + p**2 + p - 23. Let q be c(0). Let z(u) = -u**2 - 22*u + 87. Let m be z(q). Calculate the highest common factor of 288 and m.
32
Let s(k) = 3*k + 6. Let h = -45 + 47. Suppose -x + 11 = 2*a, 13 = a + h*a + 5*x. Let g be s(a). What is the highest common factor of 36 and g?
12
Suppose 0 = -4*t + r - 323, -2*t = -4*r + r + 169. Let f = t - -91. What is the greatest common divisor of f and 11?
11
Let a(m) = -7*m - 9. Let i(d)